ts digit of 1832066?
6
What is the tens digit of 17228?
2
What is the ten millions digit of 15766720?
1
What is the tens digit of 651212?
1
What is the units digit of 7219661?
1
What is the ten thousands digit of 1933117?
3
What is the ten thousands digit of 19216152?
1
What is the tens digit of 114070?
7
What is the hundred thousands digit of 555482?
5
What is the thousands digit of 22913542?
3
What is the hundreds digit of 89239?
2
What is the hundred thousands digit of 411207?
4
What is the hundred thousands digit of 6777994?
7
What is the ten thousands digit of 6857761?
5
What is the thousands digit of 541317?
1
What is the hundred thousands digit of 8047590?
0
What is the units digit of 2321995?
5
What is the millions digit of 1304429?
1
What is the units digit of 3396760?
0
What is the units digit of 136093?
3
What is the hundred thousands digit of 14856080?
8
What is the hundreds digit of 34305?
3
What is the hundred thousands digit of 176466?
1
What is the units digit of 6780129?
9
What is the hundreds digit of 4110640?
6
What is the hundred thousands digit of 1976536?
9
What is the hundreds digit of 1560632?
6
What is the hundreds digit of 11453568?
5
What is the hundreds digit of 3322281?
2
What is the ten millions digit of 15970321?
1
What is the ten thousands digit of 59524?
5
What is the tens digit of 203218?
1
What is the hundreds digit of 1133735?
7
What is the units digit of 4108879?
9
What is the millions digit of 5104435?
5
What is the units digit of 284209?
9
What is the thousands digit of 460278?
0
What is the hundreds digit of 4436166?
1
What is the units digit of 1136825?
5
What is the tens digit of 411959?
5
What is the thousands digit of 462300?
2
What is the tens digit of 758362?
6
What is the tens digit of 204413?
1
What is the tens digit of 3935281?
8
What is the tens digit of 1705922?
2
What is the ten thousands digit of 2297660?
9
What is the tens digit of 527822?
2
What is the tens digit of 60624?
2
What is the hundreds digit of 41176?
1
What is the tens digit of 71352?
5
What is the hundreds digit of 4826?
8
What is the tens digit of 286617?
1
What is the tens digit of 32796?
9
What is the hundreds digit of 17563720?
7
What is the thousands digit of 3449588?
9
What is the thousands digit of 473880?
3
What is the hundreds digit of 3036967?
9
What is the tens digit of 69651?
5
What is the tens digit of 245860?
6
What is the thousands digit of 88243?
8
What is the thousands digit of 167762?
7
What is the thousands digit of 514971?
4
What is the tens digit of 4755457?
5
What is the millions digit of 8876162?
8
What is the tens digit of 5230092?
9
What is the hundred thousands digit of 13837752?
8
What is the ten thousands digit of 10787612?
8
What is the ten millions digit of 12705037?
1
What is the units digit of 357131?
1
What is the units digit of 590405?
5
What is the hundred thousands digit of 7980317?
9
What is the ten thousands digit of 13891125?
9
What is the hundreds digit of 3939708?
7
What is the ten thousands digit of 1307632?
0
What is the units digit of 37325?
5
What is the millions digit of 7559134?
7
What is the units digit of 115640?
0
What is the ten thousands digit of 249540?
4
What is the units digit of 3895984?
4
What is the units digit of 19546319?
9
What is the tens digit of 1010907?
0
What is the thousands digit of 271191?
1
What is the tens digit of 771996?
9
What is the thousands digit of 4134443?
4
What is the hundreds digit of 5317548?
5
What is the hundreds digit of 3105957?
9
What is the tens digit of 20908863?
6
What is the tens digit of 228607?
0
What is the units digit of 38962?
2
What is the ten thousands digit of 127602?
2
What is the ten thousands digit of 19747107?
4
What is the hundred thousands digit of 30847964?
8
What is the ten thousands digit of 13367352?
6
What is the thousands digit of 491687?
1
What is the units digit of 55545?
5
What is the ten thousands digit of 2912096?
1
What is the tens digit of 126070?
7
What is the hundred thousands digit of 1238202?
2
What is the tens digit of 1284130?
3
What is the hundred thousands digit of 1316518?
3
What is the thousands digit of 775153?
5
What is the tens digit of 359526?
2
What is the tens digit of 193384?
8
What is the units digit of 24193423?
3
What is the ten thousands digit of 556318?
5
What is the hundred thousands digit of 20746995?
7
What is the tens digit of 1603218?
1
What is the units digit of 11474076?
6
What is the hundreds digit of 647719?
7
What is the tens digit of 111446?
4
What is the ten thousands digit of 13078462?
7
What is the hundred thousands digit of 492570?
4
What is the millions digit of 3927127?
3
What is the units digit of 16359667?
7
What is the millions digit of 2482355?
2
What is the units digit of 273332?
2
What is the units digit of 1589616?
6
What is the hundreds digit of 226003?
0
What is the tens digit of 210135?
3
What is the hundred thousands digit of 34037584?
0
What is the millions digit of 1688258?
1
What is the millions digit of 2747595?
2
What is the ten thousands digit of 323927?
2
What is the ten thousands digit of 26712?
2
What is the thousands digit of 739509?
9
What is the units digit of 1710999?
9
What is the units digit of 319069?
9
What is the thousands digit of 1068889?
8
What is the ten thousands digit of 566793?
6
What is the hundreds digit of 349429?
4
What is the hundred thousands digit of 6435761?
4
What is the ten thousands digit of 598727?
9
What is the tens digit of 273481?
8
What is the units digit of 2357777?
7
What is the hundreds digit of 2710563?
5
What is the hundred thousands digit of 369765?
3
What is the ten thousands digit of 1396801?
9
What is the units digit of 25941180?
0
What is the hundreds digit of 5929564?
5
What is the millions digit of 10617012?
0
What is the ten thousands digit of 829072?
2
What is the thousands digit of 13045415?
5
What is the hundred thousands digit of 2587092?
5
What is the ten thousands digit of 4981976?
8
What is the units digit of 745853?
3
What is the ten thousands digit of 1283567?
8
What is the millions digit of 1054300?
1
What is the tens digit of 2717815?
1
What is the ten thousands digit of 6166805?
6
What is the hundreds digit of 257984?
9
What is the thousands digit of 2215329?
5
What is the thousands digit of 16015941?
5
What is the units digit of 11011866?
6
What is the hundred thousands digit of 422073?
4
What is the ten thousands digit of 420266?
2
What is the tens digit of 267001?
0
What is the hundreds digit of 201030?
0
What is the units digit of 6304235?
5
What is the tens digit of 62852?
5
What is the tens digit of 7970?
7
What is the thousands digit of 1385706?
5
What is the ten thousands digit of 318514?
1
What is the thousands digit of 302799?
2
What is the tens digit of 563913?
1
What is the units digit of 1517301?
1
What is the millions digit of 15968262?
5
What is the tens digit of 14394645?
4
What is the hundred thousands digit of 4018180?
0
What is the tens digit of 379050?
5
What is the hundred thousands digit of 411166?
4
What is the tens digit of 1226845?
4
What is the tens digit of 19857837?
3
What is the ten thousands digit of 61157?
6
What is the units digit of 449371?
1
What is the hundred thousands digit of 9184616?
1
What is the tens digit of 10192367?
6
What is the thousands digit of 2036827?
6
What is the thousands digit of 9553007?
3
What is the tens digit of 11970141?
4
What is the hundreds digit of 9128013?
0
What is the hundreds digit of 93609?
6
What is the hundred thousands digit of 2205049?
2
What is the hundreds digit of 631875?
8
What is the millions digit of 40185413?
0
What is the tens digit of 28357?
5
What is the ten thousands digit of 244081?
4
What is the hundreds digit of 332843?
8
What is the ten thousands digit of 20093?
2
What is the hundred thousands digit of 13508212?
5
What is the hundred thousands digit of 190190?
1
What is the ten thousands digit of 484373?
8
What is the hundreds digit of 5900010?
0
What is the ten thousands digit of 92468?
9
What is the tens digit of 8844058?
5
What is the hundreds digit of 4179995?
9
What is the thousands digit of 318347?
8
What is the ten thousands digit of 6530353?
3
What is the tens digit of 2672356?
5
What is the hundred